 ((-10)/6)/(555/(-18981))?
45
Let d = 10203 + -7246. What is the remainder when d is divided by 10?
7
Let c(v) = v**2 - 2*v - 64. Calculate the remainder when 4621 is divided by c(10).
13
Let u(h) = -149*h - 54. Let n be u(5). Let j = -765 - n. Calculate the remainder when 304 is divided by j.
32
Let o(j) = 82*j**2 + 2*j + 46. Calculate the remainder when o(-4) is divided by 13.
11
Suppose -4*k + 88 = -2*g + 6*g, 0 = -2*g + 4*k + 20. Suppose -g - 92 = -5*l. What is the remainder when 130 is divided by l?
20
Suppose -13*i - 73 = 18. What is the remainder when 78 is divided by (-1)/(i/((-693)/(-3)))?
12
Suppose -2*c + 4*g + 1900 = 1200, c + 4*g - 308 = 0. What is the remainder when c is divided by 332?
4
Suppose 0*z - 5*z - 62 = -k, -k - z + 62 = 0. Suppose l - 4*l + 12 = 0. Suppose 12 = -l*n - 0, -4*s - 5*n = -21. What is the remainder when k is divided by s?
8
Let w(q) = 438*q + 6583. What is the remainder when (-1)/4 + (-205)/(-4) is divided by w(-15)?
12
Suppose 5*w - 2*u = -u + 380, -20 = 4*u. Let p = 12913 - 12902. What is the remainder when w is divided by p?
9
What is the remainder when 653 is divided by 186/(18/42 + 88/56)?
2
Suppose 22*j + 8*j = 4*j + 4914. What is the remainder when 2263 is divided by j?
184
Suppose -8*g + 55 = -3*g. Let r(w) = 3*w**2 + 2*w - 20. Let v(p) = 26*p + 134. Let l be v(-5). What is the remainder when r(l) is divided by g?
3
Suppose -3*j - 12 = p, 3*j - 6*j - 27 = -4*p. Suppose 2*h + 3*m - 123 = 20, 3*h - 5*m - 205 = 0. What is the remainder when h is divided by 6/9 + 52/p?
16
Let n(i) = -i**2 - 11*i - 16. Let b be (-6)/24 - (57/12 + 2). Calculate the remainder when 226 is divided by n(b).
10
Calculate the remainder when 1227 is divided by ((11 - 13) + 0)*36/(-8).
3
Let k(z) = 7*z - 6. Let x be k(15). Let h = 103 - x. Suppose h*y - 8 = 0, 0 = 5*r - 8*y + 3*y - 95. Calculate the remainder when 104 is divided by r.
20
Suppose -5*z = -z + 20. What is the remainder when 33 is divided by 1*z/2*28/(-10)?
5
Let k = -5093 - -5221. What is the remainder when k is divided by 10?
8
Let t = -11221 + 11408. Calculate the remainder when 340 is divided by t.
153
Calculate the remainder when 2 - (-738 + 13 + -10) is divided by 62.
55
Suppose 5*n - 551 = 179. Calculate the remainder when n is divided by 149/4 - (26/40 - (-276)/(-690)).
35
Let g = 16 - 2. Suppose 212*p = 211*p + w + 565, p + 2*w = 538. What is the remainder when p is divided by g?
10
Suppose -33*r - 11*r - 47*r + 7098 = 0. Calculate the remainder when 9278 is divided by r.
74
Let f(m) = 199*m + 1604. What is the remainder when 7691 is divided by f(-8)?
11
Let r = -710 + 906. Calculate the remainder when 563 is divided by r.
171
Suppose -i - 4*g = -45, 0 = 4*i + 2*g - g - 135. Let l be (1 - (-14)/6)/((-4)/6). Calculate the remainder when i is divided by (-184)/(-36) - l/(-45).
3
Let l(f) = -88*f + 633. What is the remainder when 39 is divided by l(7)?
5
Suppose 5*q + d = 97, 5*d - d + 30 = 2*q. Let i(w) = -3*w - 50. Let y be i(-27). Let l = y + 23. Calculate the remainder when l is divided by q.
16
Let h be (-2 - -1) + (0 - 2) + 3. Suppose -19 + h = m. What is the remainder when (m/5)/((-16)/80) is divided by 5?
4
Calculate the remainder when -3 - (1*6*39/(-78) - 449) is divided by 65.
59
Let b(o) = -o + 10. Let f be b(10). Let x be (27 + -10 + -18)*5*-1. Suppose f = t - 28 + x. Calculate the remainder when t is divided by 7.
2
Let m(r) = -r**3 - 26*r**2 + 47*r + 3. Calculate the remainder when m(-28) is divided by 135.
120
Suppose -3*b + 3*a = -174, 3*a + 2*a = -5*b + 260. Let w(r) = -2*r**2 + 3 - 13*r - r**2 - 21 + 4*r**2. Calculate the remainder when b is divided by w(15).
7
Suppose 5*u - l = 207 + 491, 416 = 3*u - 2*l. Let q = -123 + u. What is the remainder when 54 is divided by q?
3
Let l(n) = -n**3 + 24*n**2 - 64*n + 30. Let m = 138 - 23. Suppose -5*o - 3 = -d - 4, -o - m = -5*d. What is the remainder when d is divided by l(21)?
6
Let p = -1026 + 1136. What is the remainder when p is divided by 9?
2
Let d be (2/4*(8 + -8))/(-1). Suppose -i + 4 = d, -b + i = -2*b + 19. Calculate the remainder when 72 is divided by b.
12
Let q(m) = -1403*m - 6416. What is the remainder when q(-5) is divided by 54?
5
Suppose 15*s + 3*s - 1873 = 4085. What is the remainder when 3635 is divided by s?
325
Suppose 46*c - 57447 + 7399 = 0. Calculate the remainder when c is divided by 210.
38
Let y = 7727 - 6229. Calculate the remainder when y is divided by 373.
6
Let s = 19 - 125. Let h = s - -190. Let z = h - -1. What is the remainder when z is divided by 11?
8
Let b(w) = 11*w + 140. Let t be b(15). Suppose -5*y = 5*o - 1015, 5*o - 1308 = -2*y - t. Calculate the remainder when o is divided by 21.
10
What is the remainder when 617/5 + 8/(-20) is divided by (-120)/((-36)/6) - (-18)/(-3)?
11
Let r = -1402 + 1907. What is the remainder when r is divided by 30?
25
Let x = -1577 - -1685. What is the remainder when 303 is divided by x?
87
Let h(n) = n**3 + 4*n**2 + 6*n + 7. Let r be h(-3). Calculate the remainder when 3/r*88/(-12) is divided by (-1 + 2 - -1) + 4.
5
Let m be -3 + 1*-1 + -9 + -168. Let l = -167 - m. Calculate the remainder when 430 is divided by l.
10
Let m(q) = -879*q - 750. What is the remainder when m(-3) is divided by 629?
0
Let o = 979484 - 979464. Let a = 42 - 19. What is the remainder when a is divided by o?
3
Let d = 1947 - 2745. What is the remainder when 55 is divided by (-1)/((-1 + 3)/(d/21))?
17
Let l be 11 + -6 + (187 - -1). Suppose -9 + l = 8*k. What is the remainder when 34 is divided by k?
11
Let i(h) = 9*h + 56. Let k be i(-6). Suppose -51 + 25 = -k*r. Calculate the remainder when 24 is divided by r.
11
Suppose -271 - 218 = -46*f + 201. Let d(c) be the first derivative of 5*c**2/2 + 5*c - 1. Calculate the remainder when d(7) is divided by f.
10
Suppose 0 = -2*h + 5*t + 212, -2*h + 138*t + 188 = 136*t. Suppose 3*q - 6*n = -n + 111, -2*n = 5*q - 154. What is the remainder when h is divided by q?
22
Suppose 19*t - 78 = 74. Calculate the remainder when 206 is divided by t.
6
Suppose -248*o + 384 = -1714 - 630. What is the remainder when 12714 is divided by o?
9
Suppose 2714 = -c + 24*c. Calculate the remainder when 3182 is divided by c.
114
Suppose g = -3*c - 629 - 78, 0 = 4*g - 3*c + 2798. Let f = 1084 + g. What is the remainder when f is divided by 35?
33
Suppose -3*k - j = -23, -3*j + 6*j = 6. Let h(t) be the third derivative of -t**4/12 + 11*t**3/3 + 112*t**2. Calculate the remainder when h(k) is divided by 4.
0
Let s(b) = b**3 - 21*b**2 - 73*b + 34. Suppose -d + 43 - 19 = 0. Calculate the remainder when 48 is divided by s(d).
8
Suppose y - 3 = -3*q, -7 = 5*q - 2. Let j(c) = -c**2 + 6*c + 7. Let s = -14 + 40. Calculate the remainder when s is divided by j(y).
5
Let j(c) = 13*c - 4. Let u = -57 - -63. What is the remainder when j(6) is divided by (-5)/(-25) - 111*u/(-45)?
14
What is the remainder when 596 is divided by (-12)/3*(156/(-8) + 2)?
36
Suppose 0 = 17*h - 20*h + 3315. Let w = 25 - 15. Calculate the remainder when ((-1)/(-2))/(3 + h/(-370)) is divided by w.
7
Let x be (-15)/10*8/(-6). Suppose -4*l = -u + 4*u - 190, -3*u - l + 187 = 0. Calculate the remainder when u is divided by ((-17)/x)/(5/(-10)).
11
Let h(n) = 11*n + 30. Let m(y) = 22*y + 60. Let r(v) = 9*h(v) - 4*m(v). Calculate the remainder when 62 is divided by r(2).
10
Let j = -21946 + 22270. Calculate the remainder when j is divided by 28.
16
Let z(s) be the second derivative of -5*s**2 - 40*s + 5/12*s**4 + 0*s**3 + 0. What is the remainder when z(-7) is divided by 59?
58
Let p(y) = -6*y - 3. What is the remainder when 79 - (-3 + -20 + 32) is divided by p(-3)?
10
Suppose 6851 = 83*w - 23883 - 38737. Calculate the remainder when w is divided by 29.
25
Suppose 8*o + 248 - 760 = 0. What is the remainder when 213 is divided by o?
21
Let l be 0 - -3 - (-4 - (-5 + 65)). Suppose 0 = 5*o - l - 43. Suppose 15*y = 17*y - o. What is the remainder when y is divided by 6?
5
Let v = -9711 + 9742. What is the remainder when 1068 is divided by v?
14
Let m = 191 - 801. Let q = -599 - m. What is the remainder when 250 is divided by q?
8
Let w(j) = j**2 - 7*j - 82. Suppose -69*v = -70*v - 8. What is the remainder when 101 is divided by w(v)?
25
Let p(z) = z**2 - 16*z + 14. Let r be p(16). Let n(y) = 